{"id":636,"date":"2024-10-25T14:50:41","date_gmt":"2024-10-25T13:50:41","guid":{"rendered":"https:\/\/contactoatlantico.com\/project\/sand-villa-2\/"},"modified":"2025-11-03T11:50:44","modified_gmt":"2025-11-03T11:50:44","slug":"sand-villa","status":"publish","type":"project","link":"https:\/\/contactoatlantico.com\/pt-pt\/project\/sand-villa\/","title":{"rendered":"Sand Villa"},"content":{"rendered":"\n<p>Sand Villa na Comporta. O empreendimento est\u00e1 localizado no cora\u00e7\u00e3o da Comporta, envolvido por uma paisagem verde, serena e t\u00edpica da regi\u00e3o. A vegeta\u00e7\u00e3o alentejana e a brisa do mar encontram-se num cen\u00e1rio amplo, hoje em forte expans\u00e3o nos setores do turismo e da constru\u00e7\u00e3o. A premissa base foi valorizar a posi\u00e7\u00e3o na paisagem, ainda em bruto, e criar um espa\u00e7o em harmonia com a natureza, promovendo a intera\u00e7\u00e3o entre exterior e interior.<\/p>\n\n\n\n<p>Na Sand Villa, os volumes pousam no solo e adaptam-se ao relevo irregular e \u00e0 constitui\u00e7\u00e3o arenosa. A volumetria \u00e9 simples e discreta, acompanhando a envolvente. Um percurso exterior distribui e liga todas as \u00e1reas. Parte do sal\u00e3o exterior e da piscina, passa pela zona t\u00e9cnica, segue pelas \u00e1reas comuns, pelos quartos e pela cozinha. Este caminho funciona como dobradi\u00e7a do projeto. Os volumes est\u00e3o desalinhados para refor\u00e7ar a ilumina\u00e7\u00e3o natural, com grande parte das aberturas orientadas a nascente e a poente.<\/p>\n\n\n\n<p>A materialidade tem um papel central. Privilegiam-se materiais naturais para criar uma simbiose entre o lugar e a constru\u00e7\u00e3o. Tons neutros e madeira unificam ambientes e refor\u00e7am a continuidade entre exterior e interior.<\/p>\n","protected":false},"featured_media":10121,"template":"","meta":{"_acf_changed":false,"_seopress_robots_primary_cat":"","_seopress_titles_title":"","_seopress_titles_desc":"Sand Villa na Comporta. Volumes simples em terreno arenoso, percurso exterior que liga \u00e1reas e materiais naturais que fundem casa e paisagem.","_seopress_robots_index":""},"location":[],"sector":[26,39],"service":[21,24],"class_list":["post-636","project","type-project","status-publish","has-post-thumbnail","hentry","sector-hospitality","sector-hospitalidade","service-arquitetura","service-paisagismo"],"acf":[],"_links":{"self":[{"href":"https:\/\/contactoatlantico.com\/pt-pt\/wp-json\/wp\/v2\/project\/636","targetHints":{"allow":["GET"]}}],"collection":[{"href":"https:\/\/contactoatlantico.com\/pt-pt\/wp-json\/wp\/v2\/project"}],"about":[{"href":"https:\/\/contactoatlantico.com\/pt-pt\/wp-json\/wp\/v2\/types\/project"}],"wp:featuredmedia":[{"embeddable":true,"href":"https:\/\/contactoatlantico.com\/pt-pt\/wp-json\/wp\/v2\/media\/10121"}],"wp:attachment":[{"href":"https:\/\/contactoatlantico.com\/pt-pt\/wp-json\/wp\/v2\/media?parent=636"}],"wp:term":[{"taxonomy":"location","embeddable":true,"href":"https:\/\/contactoatlantico.com\/pt-pt\/wp-json\/wp\/v2\/location?post=636"},{"taxonomy":"sector","embeddable":true,"href":"https:\/\/contactoatlantico.com\/pt-pt\/wp-json\/wp\/v2\/sector?post=636"},{"taxonomy":"service","embeddable":true,"href":"https:\/\/contactoatlantico.com\/pt-pt\/wp-json\/wp\/v2\/service?post=636"}],"curies":[{"name":"wp","href":"https:\/\/api.w.org\/{rel}","templated":true}]}}

<p>Sand Villa na Comporta. O empreendimento está localizado no coração da Comporta, envolvido por uma paisagem verde, serena e típica da região. A vegetação alentejana e a brisa do mar encontram-se num cenário amplo, hoje em forte expansão nos setores do turismo e da construção. A premissa base foi valorizar a posição na paisagem, ainda em bruto, e criar um espaço em harmonia com a natureza, promovendo a interação entre exterior e interior.</p>



<p>Na Sand Villa, os volumes pousam no solo e adaptam-se ao relevo irregular e à constituição arenosa. A volumetria é simples e discreta, acompanhando a envolvente. Um percurso exterior distribui e liga todas as áreas. Parte do salão exterior e da piscina, passa pela zona técnica, segue pelas áreas comuns, pelos quartos e pela cozinha. Este caminho funciona como dobradiça do projeto. Os volumes estão desalinhados para reforçar a iluminação natural, com grande parte das aberturas orientadas a nascente e a poente.</p>



<p>A materialidade tem um papel central. Privilegiam-se materiais naturais para criar uma simbiose entre o lugar e a construção. Tons neutros e madeira unificam ambientes e reforçam a continuidade entre exterior e interior.</p>

Sand Villa na Comporta. Volumes simples em terreno arenoso, percurso exterior que liga áreas e materiais naturais que fundem casa e paisagem.
